 2 = 0, -l - 17 = -i - p*i. What is the remainder when 56 is divided by i?
18
Calculate the remainder when (656/(-10) + 2)/(6/(-20)) is divided by 56.
44
Suppose 5*z - 4*r - 115 = 0, 2*z - 46 = -r - 2*r. Suppose -4*l = -z - 57. What is the remainder when l is divided by ((-44)/6)/((-2)/3)?
9
Suppose 0 = 4*b + 5*d - 5, -2 = -b - 3*b - 2*d. Suppose b = w + 3*h + h - 6, 5 = -5*h. Suppose 2*j - j = w. Calculate the remainder when 39 is divided by j.
9
Suppose -138*v + 624 = -134*v. Calculate the remainder when v is divided by 34.
20
Suppose 22 + 6 = -2*w. Let c be w/((-1 - -7)/(-3)). Suppose 0*o + 2*o + c = 5*h, 4*o = -4*h + 28. What is the remainder when 19 is divided by o?
3
Let d = 218 + -208. Suppose 3*j = -5*o + 57, 4*j - 44 = 4*o - 0*o. Suppose 2*k - 24 = j. Calculate the remainder when k is divided by d.
9
Suppose 2*v + 37 = -33. Let p be (7/v)/((-1)/5). Calculate the remainder when (4 - 5/p) + 5 is divided by 2.
0
Calculate the remainder when 6/9*(1267/14 - 5) is divided by 14.
1
Suppose -4*w + 25 = w, -4*h + 2*w + 206 = 0. What is the remainder when 104 is divided by h?
50
Let p(r) = -r**3 - 4*r**2 + 3*r + 3. Suppose 4 + 52 = 14*y. Calculate the remainder when -3 + y*7/(21/30) is divided by p(-5).
11
Let d(k) = -3 + 3 - 5*k + 2 - 4. Let n be d(-1). Suppose -i - 2*i + 2*j = -47, -4*i + 91 = n*j. Calculate the remainder when i is divided by 5.
4
Let i(q) = -4*q**2 - 54*q - 4. Calculate the remainder when 341 is divided by i(-13).
11
Suppose -4*o + 50 = -0*c - c, 0 = -c + 2. Let h = 112 - 50. What is the remainder when h is divided by o?
10
Suppose 12*i - 1649 = -5*i. Calculate the remainder when i is divided by 13.
6
Let i = 15 - 6. Let u = -212 + 221. What is the remainder when u is divided by i?
0
Let s = 7876 + -7866. Let x(t) = 4*t**3 - 3*t**3 + t**2 - 5*t**2 + 3*t - 3. Calculate the remainder when x(5) is divided by s.
7
Suppose 4 = -5*h - 61. Let v(r) = -r**3 - 13*r**2 - r - 5. What is the remainder when 15 is divided by v(h)?
7
Suppose 32 - 38 = -2*u - 2*z, -u - 5*z - 5 = 0. Calculate the remainder when 1 + (-39)/(-6)*2 is divided by u.
4
Let g = -1199 + 1208. Let t(z) = 34*z + 1. Suppose -4 = k + s, 0 = -2*k + k + 2*s + 11. Calculate the remainder when t(k) is divided by g.
8
Let p(l) = -l**3 - 13*l**2 - 14*l - 15. Let f(i) = i**3 - 14*i**2 + 13*i - 12. Let g be f(13). Calculate the remainder when 3/15 - 774/(-30) is divided by p(g).
8
Suppose 0*g = g - 51. Suppose 98 = 6*u + 2. Let q = g - u. What is the remainder when q is divided by 18?
17
What is the remainder when 119 is divided by (-2)/(-4)*(-186)/(-3)?
26
Let q be ((-36)/8)/(4/(-80)). Suppose 2*u - u - q = -t, -2*u + 3*t + 195 = 0. Calculate the remainder when u is divided by 17.
8
Suppose -2*v - v - 15 = 0, -z + 39 = 2*v. Suppose 0*i - 40 = -2*i. Suppose n - z + i = 0. What is the remainder when n is divided by 10?
9
What is the remainder when (167 - 3)*(-2)/(-4) is divided by 38?
6
Suppose -g + 2*c = -210, -29*g = -27*g + 2*c - 444. Calculate the remainder when g is divided by 22.
20
Let m(l) = l**3 + 12*l**2 - 13*l. Let b be m(-13). Let n(c) = -3*c + 9. What is the remainder when 35 is divided by n(b)?
8
Let f = -934 + 1348. Calculate the remainder when 78 is divided by f/21 + (-2)/(-7).
18
Suppose 6*g - 227 = 115. Calculate the remainder when 227 is divided by g.
56
Calculate the remainder when (13 + -14)/(2/(-48)) is divided by 9.
6
Let i = 81 + -58. Suppose 15*b = i*b - 56. What is the remainder when 11 is divided by b?
4
Let q = -1303 - -1420. What is the remainder when q is divided by 21?
12
Let c = 9 - 5. Suppose 183 + 62 = 5*f. Let l = f - 44. What is the remainder when l is divided by c?
1
Let y(f) = f**3 - f**2 - f + 3. Let l be y(0). Suppose -5*v + l*z - 11 + 77 = 0, -5*v + 2*z + 69 = 0. Calculate the remainder when 42 is divided by v.
12
Let g = 12 - -20. Suppose -5*r = -g - 73. Calculate the remainder when r is divided by 6.
3
Let o(u) = 15*u + 2. Let q be 21/(-14) + (-5)/(-2). Suppose 2*l = -q + 3. Calculate the remainder when o(l) is divided by 10.
7
Let k(i) = 4*i**3 + 34*i**2 + 8*i + 12. Calculate the remainder when k(-8) is divided by 9.
4
Let i = 2 - -1. Let c(q) = 31*q + 4657. Calculate the remainder when c(-150) is divided by i.
1
Let q(k) = -k**2 + 10*k - 6. Suppose 0*z = 3*z - 15. What is the remainder when q(z) is divided by 6?
1
Let b(c) = -c**2 + 2*c + 14. Let l be b(5). What is the remainder when 73 is divided by l/(4/8) - -39?
36
Let h(w) = -w + 33. Let k = 642 - 635. What is the remainder when h(0) is divided by k?
5
Let p(t) = t**3 - 4*t**2 - 7*t - 9. Calculate the remainder when p(6) is divided by 12.
9
Suppose 44*z = 39*z + 50. Calculate the remainder when z is divided by 8.
2
Calculate the remainder when (9/2)/((-9)/(-48)) is divided by -3*(312/(-18))/4.
11
Suppose -3*c + 23 = 5*y, 5*y = 2*y - 5*c + 17. Suppose -y*m = -11*m + 245. What is the remainder when m is divided by 19?
16
Let q(c) = 8*c + 10. Let p be q(-8). Let g = p + 85. What is the remainder when g is divided by 12?
7
Suppose -g = -0*d - d + 39, 164 = 4*d - 2*g. What is the remainder when d is divided by 13?
4
Let m be (195/20)/(2*2/(-16)). Let s = -21 - m. Calculate the remainder when 48 is divided by s.
12
Let x(b) = -b - 17. Let k be x(7). Let y = k + 32. Calculate the remainder when 22 is divided by y.
6
Suppose 2*u + u = 3*o + 21, 0 = -3*o + 6. Suppose q = u*q - 176. Calculate the remainder when 103 is divided by q.
15
Suppose 2*y = 2*k - 12 - 6, -3*y + 3 = 0. What is the remainder when (11 + -6)/(-1) - -33 is divided by k?
8
Let t = -16 - -33. Suppose 0 = -12*w + t*w - 80. Calculate the remainder when w is divided by 4.
0
Let o(d) = 78*d - 237. Calculate the remainder when o(6) is divided by 62.
45
Let g(v) be the second derivative of v**4/2 + v**3/6 + v**2 + 10*v. Let m be g(-1). Calculate the remainder when 51 is divided by (m + -8)/(1/(-13)).
12
Let h(o) = -o**2 - 22*o + 8. Let t be h(-14). Suppose 0 = 3*g - 4*d - d - 360, t = g - 2*d. What is the remainder when g is divided by 41?
38
Let t = -274 - -331. What is the remainder when t is divided by 9?
3
Suppose h = 4*h - 378. Let z(b) = b**3 - 4*b**2 - 25*b - 24. What is the remainder when h is divided by z(8)?
30
Suppose 5*p = -2*n + 50, -2*p + 16 = 2*n - 28. Let u = 31 - n. What is the remainder when 21 is divided by u?
10
Suppose -2*f + 246 = t - 3, 2*t - f = 473. Calculate the remainder when t is divided by 61.
56
Let r be (-2)/10 + 352/10. Suppose h = 2*h - 4, 5*h = -3*j + r. What is the remainder when -8 + 34 + -8 - -1 is divided by j?
4
Suppose 4*a = -s + 327, -248 = 2*s + a - 909. What is the remainder when s is divided by 83?
82
Let c be (-4 - (-4 - -1))*7. Let p(v) = v**3 + 7*v**2 - 4*v - 1. Suppose 2*m + 70 - 282 = 0. Calculate the remainder when m is divided by p(c).
25
Let q = 859 + -276. Calculate the remainder when q is divided by 59.
52
Let z(v) = 5*v**2 + 4*v - 8. What is the remainder when z(-6) is divided by ((-2)/1)/(372/(-4650))?
23
Suppose 10 = 3*w - g, -5*g + 6 = -w - 0*w. Suppose 4*t = -5*x + 67, w*t - 5*x = -2*x + 43. What is the remainder when 25 is divided by t?
12
Let y(x) = -x**2 - 16*x - 57. What is the remainder when 6 is divided by y(-10)?
0
Suppose 74 = -4*y + 1146. Calculate the remainder when y is divided by 15.
13
Let m(r) = 16*r + 405. Let p = 84 - 50. What is the remainder when m(-19) is divided by p?
33
Suppose -7*o - 198 + 1094 = 0. Calculate the remainder when o is divided by 17.
9
Suppose -g - 5*i - 2 - 1 = 0, -5*i = 5. Suppose -3*v - g*v = -5. Suppose -24 = -5*x - 7*x. What is the remainder when x is divided by v?
0
Suppose 2*z + t - 95 = -2*z, 0 = 5*z + t - 120. What is the remainder when 42 is divided by z?
17
Suppose 0 = -h - 3, -5*h + 123 = 3*c - h. Suppose 3*w + 90 = u, w = -2*u + u - 34. Let r = c + w. What is the remainder when 40 is divided by r?
12
Suppose 0 = z - 9 - 3. Let n(m) be the first derivative of m**2 - 5*m - 1. What is the remainder when z is divided by n(5)?
2
Suppose -6*j = -j - 85. Calculate the remainder when 98 is divided by j.
13
Suppose 3*u = -5*b + 143, 8*u = 3*u - 2*b + 213. Let s = -5 + u. What is the remainder when s is divided by 22?
14
Let u = -403 + 216. Let w = -98 - u. What is the remainder when w is divided by 13?
11
Suppose 2*o - 9 - 99 